- v. Calculate the remainder when u is divided by p(3).
5
Let w = 1358 + -1201. Calculate the remainder when w is divided by 35.
17
Let w be 21/14 - (-3)/(-6). Calculate the remainder when 392 is divided by (-240)/(-180)*w/(2/18).
8
Suppose -5*j = -2*s + 137, -2*s - 2*j = 220 - 434. Let a = -54 - -104. Calculate the remainder when s is divided by a.
46
Let m be ((-5)/10)/(1/(-10)). What is the remainder when 2*(2 + 6/(-4)) - -25 is divided by m + 0*3/3?
1
Let u = -580 + 558. Let t(y) = y**2 + 18*y - 76. Calculate the remainder when 131 is divided by t(u).
11
Let a(z) = -2*z**3 + 22*z**2 + 11*z - 20. Suppose -3*b + 5*b + 6 = 0, 51 = 3*x - 2*b. Calculate the remainder when a(11) is divided by x.
11
Let v be (-2 - -31)/1 + 1. Let x be (40/v)/(2/300) - 3. Suppose 2*t + 748 = 4*a, 0*a + x = a - 3*t. What is the remainder when a is divided by 47?
44
Suppose -5*q + 245 + 588 = f, -4*f = 3*q - 493. Calculate the remainder when q is divided by 90.
77
Suppose -64353 = -21*g + 297813. What is the remainder when g is divided by 22?
20
Suppose 0 = -2*x + t - 201, -222 - 177 = 4*x - 3*t. Let d = -43 - x. Calculate the remainder when d is divided by 15.
14
Let t(u) = -u**3 + 37*u**2 + 41*u - 102. Let f = 531 - 493. Calculate the remainder when 155 is divided by t(f).
11
Let g(n) = -6*n**2 + n + 635. What is the remainder when 70 is divided by g(-10)?
20
Suppose -3828 = -8*k - 420. Calculate the remainder when (3 - (-4 + 9))/((-4)/k) is divided by 54.
51
Suppose 5*t - 102 = 38. Let w = 43 - t. Let j = -13 + w. Calculate the remainder when 3 is divided by j.
1
Let m(s) = -12*s + 135. Let q be m(11). Suppose 3*g - g - 3 = -j, g = q*j - 2. Let h = -6 + 13. What is the remainder when h is divided by j?
0
Let q be 4*3*4/(-48)*-439. Suppose 0 = 2*g + u - 3*u - 914, 5*u = -g + q. Suppose -g = -3*l - 106. What is the remainder when l is divided by 24?
20
Let f = 8699 + -8316. What is the remainder when f is divided by 64?
63
Let g = 353 - -103. Calculate the remainder when 475 is divided by g.
19
Let t(u) = -4*u + 13. Let l be t(4). Calculate the remainder when -3 - l - (-2730)/14 is divided by 22.
19
Let x(z) = -53*z**2 + 352*z + 3. Calculate the remainder when x(5) is divided by 215.
8
Let r(h) = -7*h - 18. Suppose 5*a + 48 = 2*k + 77, 0 = 3*k - 4*a + 26. What is the remainder when r(-13) is divided by k/(-3)*(-57)/4*-2?
16
What is the remainder when 140 is divided by (-44)/(11968/(-11730)) - (-3)/(-24)?
11
Suppose 0*q = -z + 2*q - 43, 4*q - 152 = 4*z. Calculate the remainder when z + 32 - (1 + -85) is divided by 50.
33
Suppose k - 19612 = -23*u, -5*u + 2289 = 3*k - 1955. Calculate the remainder when u is divided by 136.
37
Suppose 21*b = 9301 - 1552. What is the remainder when b is divided by 62?
59
Let g(n) = 2*n**2 - 21*n + 148. Let m = 29 + -23. Calculate the remainder when g(m) is divided by 19.
18
Let o = -223 - -227. Suppose 15 = o*u - 6*j + 5*j, 4*u + 5*j = 45. Calculate the remainder when 97 is divided by u.
2
Let n(u) = -14 - 3*u + u + 5*u. Let v be 6/(-21) - 114/(-7). Calculate the remainder when n(v) is divided by 9.
7
Let r = 15455 + -15114. What is the remainder when r is divided by 38?
37
Let d(v) = v**3 - 35*v**2 - 196*v - 126. Calculate the remainder when 556 is divided by d(40).
12
Let l = -19480 - -19847. Calculate the remainder when 1110 is divided by l.
9
Calculate the remainder when 273 is divided by ((-35)/(-14))/(6/60).
23
Let o = 98 + -166. Let g = o + 74. Suppose -g*q - 30 = -12*q. What is the remainder when 12 is divided by q?
2
Let g(u) = 10*u**2 - 47*u - 94. What is the remainder when 872 is divided by g(-2)?
32
Let n = -3633 - -3724. Calculate the remainder when 142 is divided by n.
51
Let q(l) = l**3 + 16*l**2 + 4*l - 12. Suppose 26*h - 116*h = -3690. Calculate the remainder when q(-14) is divided by h.
37
Suppose -843 = 6*x - 951. Suppose -4*i = -w - 33 + 143, 0 = -5*w - 5*i + 450. What is the remainder when w is divided by x?
4
Let t(b) = b**3 - 2*b**2 - 5*b - 11. Calculate the remainder when -3 - -2 - (-13 + -3 + 4) is divided by t(4).
0
Let t(v) = v**3 + 58*v**2 - 464*v - 162. Calculate the remainder when 2128 is divided by t(-65).
13
What is the remainder when 558 is divided by 5/(-10) + (-4 - -2 - 551/(-38))?
6
Let b(v) = -5*v + 10*v - v**2 + 5*v + 1 + 0*v**2. Let n = 88 + -39. Calculate the remainder when n is divided by b(8).
15
Suppose -19*c = -1758 - 1282. Let y = -105 + c. Calculate the remainder when y is divided by 29.
26
Let h be 660/18 + (-25)/15. Suppose -3*c = -15480 - 5016. Calculate the remainder when (c/h)/8 - 6/(-10) is divided by 14.
11
Let u(h) = h**2 + 53*h - 578. What is the remainder when u(-74) is divided by 23?
10
Suppose 40*p = 24664 + 2536. What is the remainder when p is divided by 19?
15
Let g(z) = -200*z + 9365. What is the remainder when g(45) is divided by 51?
8
Let z = 164 + -116. Suppose 0 = 4*p - 240 + z. Let s = -245208 + 245225. Calculate the remainder when p is divided by s.
14
Let a(q) = 3*q**2 - 7*q - 19. What is the remainder when 206 is divided by a(-5)?
24
Let y = 10694 - 10661. Let r(h) = 121*h - 1. What is the remainder when r(3) is divided by y?
32
Suppose 0 = 10*b + 16*b + 11 - 921. Calculate the remainder when 396 is divided by b.
11
Suppose 147 - 417 = -10*f. Suppose -26*v = -f*v + 18. Calculate the remainder when (-9 + 10)/((-1)/(-143)) is divided by v.
17
Let y(d) = -d**2 - 11*d - 28. Let i be y(-5). Suppose 2*z = 8, 2*z = -i*b - 0*z + 562. Calculate the remainder when b is divided by 35.
32
Suppose -2*y = -y + 8*y. Suppose -3*t + 4*g = -37, 2*t - 3*g + y*g - 26 = 0. Calculate the remainder when 16 is divided by t.
2
Let d = -27 - -21. Let m be 2*(-4 - d) - -26. Suppose m*o - 27*o - 36 = 0. What is the remainder when 70 is divided by o?
10
Let h = -394 + 1016. Calculate the remainder when h is divided by 42.
34
Suppose -289 = -y - 49*f + 46*f, y - 269 = f. What is the remainder when y is divided by 34?
2
Suppose f = -2*f - 516 + 4404. Calculate the remainder when f is divided by 130.
126
Suppose -34*z = -50*z + 832. Calculate the remainder when 179 is divided by z.
23
Let i = -7312 + 7445. What is the remainder when i is divided by 20?
13
What is the remainder when 804 + 21/3 + 448/(-32) is divided by 164?
141
Suppose 2*y + 5*w - 336 = 0, 2*y + 2*w - 421 = -79. Let r = 1 + -3. What is the remainder when y is divided by r/(-6) - (-131)/3?
41
Suppose -2*g - 5*d = -15, -3*g + d = 3*d - 39. Let b = 68 + 233. Let s = b + -229. Calculate the remainder when s is divided by g.
12
Let d = 103918 + -103840. Let u(w) = -w**3 + 4*w**2 + w - 2. Calculate the remainder when d is divided by u(3).
8
Suppose y = -5*q + 32 + 11, -2*q + 31 = 5*y. Let p be 1*(q - 3)*(-14 + 3). Let l = p + 72. Calculate the remainder when 50 is divided by l.
16
Suppose -658 + 99 = -13*t. Suppose 3*r + 3*u = 51, -u = -3*r + r + t. What is the remainder when 29 is divided by r?
9
Let b(r) = r**2 - 3*r - 6. Suppose 1008 = 40*g - 36*g. Suppose -g = -8*h - 13*h. Calculate the remainder when b(-4) is divided by h.
10
Suppose -10*y - 129*y - 700 = -2229. Let t(k) = 98*k. Calculate the remainder when t(1) is divided by y.
10
Suppose -k - 5*j + 550 = -1800, 4*k - 2*j - 9598 = 0. Calculate the remainder when k is divided by 120.
115
Let d = 48 + -18. Suppose 4*k + j = -4*j + 15, k - 4*j = d. Calculate the remainder when 4/((-520)/135 + 4) is divided by k.
7
Let w(y) = -527*y + 4350. What is the remainder when w(8) is divided by 86?
48
Calculate the remainder when (796 + -28)*7/2 is divided by 53.
38
Let y = -722 - -731. What is the remainder when 137 is divided by y/(-189)*7 - 152/(-6)?
12
Let p(f) = 7*f**3 + 76*f**2 + 115*f - 5. Calculate the remainder when (-512)/12*3/(-2) is divided by p(-9).
12
Suppose 5*y - 49 = 61. Let g = -100 + 236. Let o = -128 + g. Calculate the remainder when y is divided by o.
6
Let y = -16256 + 16291. Calculate the remainder when 580 is divided by y.
20
Let l(p) be the first derivative of p**3/3 + 3*p**2 - 11*p - 34. What is the remainder when 347 is divided by l(-11)?
39
Suppose 3*t + m = 888, -34*m + 39*m = 3*t - 906. What is the remainder when t is divided by 12?
9
Calculate the remainder when (-4)/(-18) - (0 + (-9826)/9) is divided by 157.
150
Let w(a) = 6*a - 103. Let x be w(18). Suppose x